hat is the units digit of 2951677?
7
What is the hundred thousands digit of 8704237?
7
What is the thousands digit of 158948?
8
What is the tens digit of 294211?
1
What is the thousands digit of 1053025?
3
What is the hundreds digit of 132998?
9
What is the units digit of 2021301?
1
What is the hundred thousands digit of 7094625?
0
What is the thousands digit of 457599?
7
What is the thousands digit of 24926786?
6
What is the hundreds digit of 99759?
7
What is the ten thousands digit of 542249?
4
What is the ten millions digit of 13128830?
1
What is the hundred thousands digit of 163302?
1
What is the ten thousands digit of 1648675?
4
What is the ten thousands digit of 1001487?
0
What is the hundreds digit of 650221?
2
What is the millions digit of 7497886?
7
What is the hundreds digit of 66430?
4
What is the ten thousands digit of 164099?
6
What is the units digit of 357575?
5
What is the millions digit of 3758322?
3
What is the units digit of 423737?
7
What is the units digit of 223907?
7
What is the ten millions digit of 22221727?
2
What is the ten thousands digit of 209847?
0
What is the hundred thousands digit of 4508069?
5
What is the tens digit of 2559521?
2
What is the thousands digit of 2503540?
3
What is the units digit of 205056?
6
What is the units digit of 17559450?
0
What is the hundreds digit of 56718?
7
What is the tens digit of 210805?
0
What is the ten thousands digit of 2373572?
7
What is the tens digit of 28692?
9
What is the ten thousands digit of 207033?
0
What is the hundred thousands digit of 3656712?
6
What is the units digit of 17642621?
1
What is the tens digit of 2192815?
1
What is the ten thousands digit of 3189281?
8
What is the tens digit of 21383600?
0
What is the ten thousands digit of 7834187?
3
What is the ten thousands digit of 4686088?
8
What is the ten thousands digit of 527475?
2
What is the hundreds digit of 224014?
0
What is the thousands digit of 1964978?
4
What is the millions digit of 9447486?
9
What is the hundreds digit of 5069427?
4
What is the millions digit of 1156535?
1
What is the units digit of 906114?
4
What is the hundreds digit of 6492508?
5
What is the tens digit of 901184?
8
What is the hundred thousands digit of 3908869?
9
What is the millions digit of 1461533?
1
What is the ten millions digit of 12382848?
1
What is the thousands digit of 10638228?
8
What is the millions digit of 5052372?
5
What is the tens digit of 3247917?
1
What is the hundred thousands digit of 665071?
6
What is the units digit of 301?
1
What is the units digit of 134276?
6
What is the thousands digit of 269083?
9
What is the units digit of 14166659?
9
What is the units digit of 1475512?
2
What is the millions digit of 1087780?
1
What is the thousands digit of 5402965?
2
What is the units digit of 58333?
3
What is the ten thousands digit of 13116?
1
What is the thousands digit of 977687?
7
What is the thousands digit of 6377158?
7
What is the thousands digit of 999796?
9
What is the hundreds digit of 703008?
0
What is the units digit of 1269851?
1
What is the thousands digit of 1395513?
5
What is the ten thousands digit of 2375223?
7
What is the ten thousands digit of 28372705?
7
What is the ten thousands digit of 513477?
1
What is the units digit of 27706637?
7
What is the ten thousands digit of 3135370?
3
What is the ten thousands digit of 112680?
1
What is the thousands digit of 1886955?
6
What is the ten thousands digit of 386989?
8
What is the hundreds digit of 35162?
1
What is the hundred thousands digit of 293438?
2
What is the millions digit of 6381846?
6
What is the thousands digit of 517701?
7
What is the tens digit of 848370?
7
What is the ten millions digit of 25625716?
2
What is the ten millions digit of 21857243?
2
What is the hundreds digit of 9799359?
3
What is the millions digit of 7167344?
7
What is the hundreds digit of 2248828?
8
What is the thousands digit of 99394?
9
What is the tens digit of 23183?
8
What is the millions digit of 1709167?
1
What is the thousands digit of 416121?
6
What is the thousands digit of 5504781?
4
What is the tens digit of 6732581?
8
What is the thousands digit of 2048036?
8
What is the units digit of 349823?
3
What is the hundred thousands digit of 151429?
1
What is the thousands digit of 2484878?
4
What is the ten thousands digit of 19644899?
4
What is the tens digit of 4546586?
8
What is the hundred thousands digit of 27555233?
5
What is the hundreds digit of 1619546?
5
What is the thousands digit of 4489294?
9
What is the hundred thousands digit of 227149?
2
What is the ten thousands digit of 550560?
5
What is the millions digit of 22235139?
2
What is the hundred thousands digit of 24580865?
5
What is the hundred thousands digit of 4920873?
9
What is the tens digit of 992988?
8
What is the ten thousands digit of 3106510?
0
What is the hundreds digit of 103475?
4
What is the hundreds digit of 617113?
1
What is the ten thousands digit of 4863124?
6
What is the hundred thousands digit of 171537?
1
What is the thousands digit of 241163?
1
What is the ten thousands digit of 7404586?
0
What is the millions digit of 13255470?
3
What is the tens digit of 403057?
5
What is the units digit of 41669?
9
What is the thousands digit of 4054676?
4
What is the tens digit of 40698?
9
What is the ten thousands digit of 465219?
6
What is the hundreds digit of 94778?
7
What is the thousands digit of 2005077?
5
What is the ten thousands digit of 752441?
5
What is the ten thousands digit of 3922439?
2
What is the thousands digit of 14044374?
4
What is the tens digit of 3023941?
4
What is the hundreds digit of 441231?
2
What is the thousands digit of 3582704?
2
What is the hundred thousands digit of 1491475?
4
What is the hundred thousands digit of 106042?
1
What is the tens digit of 17358657?
5
What is the ten thousands digit of 11994711?
9
What is the units digit of 11754937?
7
What is the tens digit of 5384662?
6
What is the units digit of 108097?
7
What is the hundreds digit of 734467?
4
What is the thousands digit of 187440?
7
What is the hundreds digit of 2365125?
1
What is the units digit of 684378?
8
What is the tens digit of 36541872?
7
What is the ten thousands digit of 10378101?
7
What is the units digit of 8305812?
2
What is the thousands digit of 482602?
2
What is the thousands digit of 4431408?
1
What is the hundreds digit of 24159284?
2
What is the hundred thousands digit of 1759572?
7
What is the hundred thousands digit of 6368377?
3
What is the tens digit of 1023459?
5
What is the millions digit of 3696351?
3
What is the hundreds digit of 1325997?
9
What is the tens digit of 3437195?
9
What is the ten thousands digit of 991734?
9
What is the hundred thousands digit of 149790?
1
What is the ten thousands digit of 38201?
3
What is the units digit of 218162?
2
What is the units digit of 195601?
1
What is the units digit of 579590?
0
What is the hundred thousands digit of 285612?
2
What is the hundred thousands digit of 183852?
1
What is the units digit of 512130?
0
What is the ten thousands digit of 5295729?
9
What is the thousands digit of 1830573?
0
What is the tens digit of 244555?
5
What is the hundreds digit of 191629?
6
What is the millions digit of 1298653?
1
What is the hundreds digit of 13764253?
2
What is the thousands digit of 244273?
4
What is the units digit of 3769953?
3
What is the ten millions digit of 11480398?
1
What is the units digit of 299475?
5
What is the thousands digit of 519410?
9
What is the thousands digit of 70971?
0
What is the ten thousands digit of 409428?
0
What is the hundred thousands digit of 4658838?
6
What is the tens digit of 5584130?
3
What is the units digit of 10326711?
1
What is the tens digit of 94241?
4
What is the ten thousands digit of 7104200?
0
What is the hundred thousands digit of 10645448?
6
What is the hundred thousands digit of 22409490?
4
What is the millions digit of 4056819?
4
What is the ten thousands digit of 95537?
9
What is the units digit of 827298?
8
What is the thousands digit of 508194?
8
What is the ten thousands digit of 693102?
9
What is the tens digit of 1035001?
0
What is the ten thousands digit of 131801?
3
What is the ten thousands digit of 58631?
5
What is the hundreds digit of 304912?
9
What is t